Menü       Start   X °F

- NOAA-Style Climate Reports

NOAA-Style Climate Reports


Report for 2024 July

Daily noaa report




                            MONTHLY CLIMATOLOGICAL SUMMARY for JUL. 2024

NAME: Schippach-Miltenberg   CITY: Miltenberg Village Schippach STATE: Bavaria
ELEV: 390 LAT: 49  : 40 : 12 LONG: 9 : 18 :  50

                            TEMPERATURE ( °C), RAIN (mm), WIND SPEED (kmh)

                                               HEAT     COOL           AVG
      MEAN                                     DEG      DEG            WIND                      DOM
DAY   TEMP    HIGH   TIME     LOW    TIME      DAYS     DAYS    RAIN   SPEED   HIGH    TIME      DIR
--------------------------------------------------------------------------------------------------------
02    14.4    18.2   16:29    10.6   01:48     04.1     00.0    11.6   04.7     29.6    13:10     WSW
03    13.6    16.8   13:49    10.4   22:15     05.4     00.0    06.0   03.7     22.2    14:06     WNW
04    14.9    18.8   17:35    11.0   02:43     04.0     00.0    00.6   07.5     37.0    17:44     SSW
05    16.8    21.7   16:01    11.9   06:14     01.8     00.0    00.0   06.2     29.6    16:04     SSW
06    18.8    25.4   12:24    12.1   05:51     01.3     00.0    04.0   06.4     37.0    12:03     SSW
07    16.0    21.4   16:19    10.7   05:15     02.7     00.0    00.0   05.1     25.9    13:02      SW
08    17.5    24.9   17:09    10.2   05:53     00.4     00.0    00.0   04.8     42.5    12:42     SSW
09    22.2    30.2   16:06    14.2   06:13     00.0     04.1    00.0   04.8     25.9    13:45      S 
10    21.8    25.4   10:42    18.2   23:54     00.0     03.7    02.6   04.8     27.8    13:21     SSW
11    21.1    24.8   17:43    17.3   00:00     00.0     02.0    10.6   02.8     18.5    11:18     WSW
12    20.8    24.9   13:35    16.7   00:00     00.0     01.9    17.0   04.9     29.6    12:48      SW
13    16.4    21.0   17:33    11.8   05:56     01.7     00.0    00.0   04.7     25.9    12:14      W 
14    18.2    24.1   16:01    12.3   05:14     00.3     00.0    00.0   04.9     24.1    11:11      SW
15    20.7    29.2   15:58    12.2   05:49     00.0     02.6    09.4   04.6     40.7    21:18     SSW
16    19.0    23.6   14:45    14.3   23:43     00.0     01.1    04.4   07.5     38.9    12:40      SW
17    18.2    23.1   16:48    13.3   03:00     00.3     00.0    00.0   04.3     24.1    10:01      W 
18    20.0    26.4   15:14    13.7   05:38     00.0     01.4    00.0   04.5     20.4    14:25      NE
19    22.1    28.9   16:08    15.3   05:18     00.0     03.6    00.0   04.6     22.2    15:34      NE
20    23.1    29.5   14:43    16.7   05:54     00.0     04.8    00.0   03.8     22.2    12:15     WNW
21    22.3    27.3   15:04    17.2   05:19     00.0     03.5    03.4   03.0     22.2    23:03      W 
22    20.8    25.2   15:49    16.4   23:53     00.0     01.6    03.8   04.4     24.1    16:05     WNW
23    18.8    23.3   13:00    14.2   05:59     00.0     00.2    01.0   05.3     27.8    18:50     SSW
24    20.2    30.1   16:03    10.3   05:28     01.2     00.0    11.7   04.8     42.5    12:23      SW
--------------------------------------------------------------------------------------------------------
18.6 (19.0)   30.2  day 09     10.2  day 08   023.2    030.5   079.4   04.9     42.6   day 15      SW
Max >  30: 2
Min <   30: 23
Max Rain: 17.0 ON 12-07-24
Days of Rain: 13 (> .2mm) 11 (> 2mm) 0 (> 20mm)